 factor of 61038311?
True
Is 12 a factor of 141816659?
False
Is 174104840 a multiple of 196?
True
Does 7 divide 1040417114?
False
Does 95 divide 41008619?
False
Is 253564632 a multiple of 550?
False
Is 987 a factor of 99077288?
False
Does 11 divide 544530327?
True
Does 38 divide 35181806?
True
Is 204810270 a multiple of 14?
True
Is 49 a factor of 655611033?
True
Does 37 divide 2374797141?
False
Does 51 divide 13346445?
True
Is 17730241 a multiple of 62?
False
Is 6 a factor of 1061871?
False
Is 1679563590 a multiple of 15?
True
Is 485 a factor of 447444025?
True
Is 106363206 a multiple of 1101?
True
Is 9 a factor of 11411991?
True
Is 39450042 a multiple of 122?
True
Does 857 divide 50237888?
False
Does 909 divide 368602477?
False
Is 588 a factor of 327347690?
False
Does 774 divide 5807245494?
False
Does 7 divide 143854042?
False
Is 5 a factor of 388415094?
False
Is 34619228 a multiple of 218?
False
Does 984 divide 598638902?
False
Does 209 divide 87137358?
False
Is 76 a factor of 26488033?
False
Does 302 divide 134897360?
True
Does 47 divide 587413473?
True
Does 86 divide 439365763?
False
Does 174 divide 97289490?
True
Is 3 a factor of 9022830?
True
Does 80 divide 26510240?
True
Is 2059400864 a multiple of 736?
True
Is 414 a factor of 518243958?
True
Is 184222114 a multiple of 31?
False
Does 56 divide 3729940?
False
Is 2640285357 a multiple of 23?
False
Is 17376850 a multiple of 215?
False
Does 12 divide 611356523?
False
Does 650 divide 3319550?
True
Does 125 divide 417224720?
False
Is 442294560 a multiple of 3096?
True
Is 44200081 a multiple of 273?
False
Is 3653 a factor of 50896996?
False
Is 199 a factor of 100947725?
True
Is 8417389 a multiple of 225?
False
Is 5 a factor of 5294380?
True
Is 818 a factor of 32465602?
True
Is 6 a factor of 84720894?
True
Is 555263496 a multiple of 8?
True
Does 2 divide 7089895?
False
Is 1564 a factor of 225216?
True
Is 1103403615 a multiple of 6?
False
Does 2439 divide 118267110?
True
Is 19 a factor of 69238432?
True
Does 43 divide 133917265?
True
Is 22 a factor of 20754360?
True
Does 47 divide 4534468?
False
Is 7 a factor of 367730629?
True
Is 114974110 a multiple of 1130?
True
Is 78 a factor of 1132043?
False
Is 26327304 a multiple of 1185?
False
Is 1153 a factor of 64234458?
False
Does 565 divide 1764682383?
False
Is 456224437 a multiple of 20?
False
Is 406485930 a multiple of 4755?
True
Does 272 divide 225353360?
True
Is 679213207 a multiple of 8333?
False
Is 1457266196 a multiple of 14?
False
Is 17243207 a multiple of 40?
False
Is 25550448 a multiple of 446?
True
Is 10 a factor of 239379110?
True
Is 1938 a factor of 514785126?
True
Does 173 divide 39411173?
False
Is 146287797 a multiple of 69?
True
Is 520042383 a multiple of 63?
True
Is 17 a factor of 2341054904?
True
Is 33 a factor of 2053953249?
False
Is 747210360 a multiple of 13?
True
Is 23697088 a multiple of 11?
False
Is 21 a factor of 432527060?
False
Is 182 a factor of 72545253?
False
Does 530 divide 380034460?
False
Is 4854 a factor of 139275822?
True
Does 3203 divide 190492019?
True
Does 34 divide 98521402?
False
Is 1667 a factor of 227793883?
True
Does 266 divide 794564445?
False
Does 5156 divide 1065136792?
True
Is 113248876 a multiple of 52?
True
Does 35 divide 849728963?
False
Does 207 divide 219355209?
True
Is 30036896 a multiple of 92?
True
Is 9 a factor of 277563690?
True
Is 13 a factor of 56745591?
False
Is 128330084 a multiple of 3356?
True
Is 169597203 a multiple of 1181?
False
Does 11 divide 1620567456?
False
Does 382 divide 29987171?
False
Is 4 a factor of 129240028?
True
Is 369 a factor of 1416541158?
False
Is 4802382 a multiple of 6?
True
Does 1085 divide 1628046614?
False
Does 16 divide 1857429072?
True
Does 6 divide 44608914?
True
Is 1765501546 a multiple of 592?
False
Does 595 divide 179757819?
False
Is 14468196 a multiple of 178?
True
Is 41 a factor of 11719645?
True
Is 778 a factor of 556896785?
False
Does 190 divide 1343251?
False
Is 1907 a factor of 34001267?
False
Is 94 a factor of 524998814?
False
Does 45 divide 157320768?
False
Is 13086961 a multiple of 22?
False
Is 3924 a factor of 639535525?
False
Does 5383 divide 1151125452?
False
Does 295 divide 89305902?
False
Does 72 divide 960624164?
False
Is 195 a factor of 18897690?
False
Is 1861039104 a multiple of 543?
True
Is 53 a factor of 14990361?
True
Is 665 a factor of 79339241?
False
Is 22 a factor of 66161523?
False
Is 95944428 a multiple of 36?
True
Does 282 divide 170036653?
False
Does 13 divide 18344661?
False
Does 68 divide 1743130088?
True
Is 26809248 a multiple of 388?
True
Is 1132869865 a multiple of 493?
False
Does 277 divide 1211867176?
False
Is 358 a factor of 80684413?
False
Is 3729880 a multiple of 8?
True
Is 1221070826 a multiple of 5062?
True
Is 25316370 a multiple of 18?
True
Does 11218 divide 1788227726?
True
Is 2819350431 a multiple of 3621?
True
Is 1805 a factor of 15338890?
True
Is 803477951 a multiple of 668?
False
Does 270 divide 141771600?
True
Does 1532 divide 52457212?
True
Is 13 a factor of 90616546?
False
Is 34233262 a multiple of 49?
True
Does 1425 divide 307363408?
False
Is 1753520220 a multiple of 12?
True
Is 798 a factor of 3263366?
False
Is 8667524 a multiple of 4?
True
Is 2298 a factor of 994372176?
True
Does 487 divide 53747669?
False
Is 258675710 a multiple of 11?
False
Is 1158 a factor of 43477110?
True
Does 30 divide 41859802?
False
Does 23 divide 402113632?
False
Is 428 a factor of 35319844?
True
Is 1026331898 a multiple of 374?
False
Is 41923782 a multiple of 1557?
True
Does 656 divide 21806953?
False
Is 201058365 a multiple of 18?
False
Is 47915248 a multiple of 272?
True
Does 51 divide 33131436?
True
Does 1213 divide 272100160?
True
Is 372 a factor of 1727019672?
True
Is 650 a factor of 1174588213?
False
Does 1035 divide 844269692?
False
Does 708 divide 83056968?
False
Is 513054926 a multiple of 2253?
False
Is 253 a factor of 106497567?
True
Is 110 a factor of 353920104?
False
Is 73 a factor of 150208104?
False
Does 821 divide 416096757?
True
Does 521 divide 14415028?
True
Does 89 divide 2856958389?
False
Is 55 a factor of 22364401?
False
Does 1845 divide 202188015?
True
Is 477580603 a multiple of 289?
False
Does 13 divide 1808196?
True
Is 29126911 a multiple of 262?
False
Is 894 a factor of 182777055?
False
Does 141 divide 306754665?
True
Does 225 divide 170101370?
False
Does 128 divide 22007296?
True
Is 29041039 a multiple of 14?
False
Does 457 divide 2842707181?
False
Is 150989346 a multiple of 586?
True
Is 18 a factor of 503845707?
False
Does 37 divide 669939633?
False
Is 50723820 a multiple of 1890?
True
Is 141 a factor of 11439330?
True
Is 14222777 a multiple of 41?
True
Is 3405764046 a multiple of 18?
False
Is 50620824 a multiple of 1869?
False
Is 669 a factor of 892254781?
False
Is 1869573858 a multiple of 762?
True
Does 87 divide 142474626?
False
Is 2 a factor of 2534618?
True
Is 1830 a factor of 16007010?
True
Does 2419 divide 121341254?
False
Is 1234628360 a multiple of 2056?
False
Is 47386977 a multiple of 1020?
False
Is 10 a factor of 124343032?
False
Is 1338126774 a multiple of 109?
False
Is 838 a factor of 1704076097?
False
Is 42040781 a multiple of 196?
False
Is 26 a factor of 155362376?
True
Is 232172424 a multiple of 66?
True
Is 662887975 a multiple of 2099?
False
Is 2371 a factor of 264584936?
False
Is 476082851 a multiple of 1447?
False
Does 325 divide 71217302?
False
Is 448917269 a multiple of 257?
False
Is 357054399 a multiple of 321?
True
Does 186 divide 116961487?
False
Is 60469760 a multiple of 92?
True
Does 44 divide 496501099?
False
Is 151 a factor of 1083775773?
True
Is 10692896 a multiple of 1634?
True
Is 79109727 a multiple of 194?
False
Is 3942 a factor of 266455548?
True
Does 72 divide 212589213?
False
Is 985 a factor of 163372741?
False
Is 41 a factor of 121293001?
False
Is 28 a factor of 124964453?
False
Does 60 divide 1948327?
False
Does 79 divide 47909886?
False
Is 136 a factor of 967008824?
True
Does 1324 divide 118478515?
False
Is 8 a factor of 194245584?
True
Is 1852 a factor of 23007036?
False
Is 129326631 a multiple of 12?
False
Is 32842489 a multiple of 228?
False
Is 70414636 a multiple of 21?
False
Is 17 a factor of 19548433?
False
Does 836 divide 56442540?
True
Is 82720124 a multip